ose 2*d - d - 5*q = -2, 3*d + 3*q = 66. What is the remainder when d is divided by (10/4)/(3/12)?
8
Suppose 0*d = 3*d - 5*g + 11, 3*g + 7 = -5*d. What is the remainder when 57 is divided by (5 + 0 + d)*5?
12
Let l(z) = -z + 12. What is the remainder when l(-10) is divided by 8?
6
Let n(q) = 2*q + 0 + 0 + 2*q**2. Let c be n(-6). Suppose d + 3*o - 25 = -0*o, c = 5*d + 2*o. Calculate the remainder when 39 is divided by d.
9
Let i = 31 - 23. What is the remainder when 14 is divided by i?
6
Let g = 23 - 1. Suppose g = r + r. Let k(s) = -4*s - 16. Calculate the remainder when k(-12) is divided by r.
10
Suppose g - 216 = -3*g. Suppose -o + 7 = -12. Calculate the remainder when g is divided by o.
16
Let a = -5 - 3. Let u = a - -12. Calculate the remainder when 14 is divided by u.
2
Suppose -5*i - 2*c - 3*c = -40, 0 = -c - 1. What is the remainder when 61 is divided by i?
7
Let n = -1 + 1. Let u = 4 + n. Suppose -t - 3 = 2*z, 3*z + t + u = 2*z. What is the remainder when 2 is divided by z?
0
Suppose -4*y = -16 - 0. Let j = -12 - -14. Calculate the remainder when 21 is divided by (5 - y)/(j/22).
10
Let g(f) = -f**2 - 19*f - 12. What is the remainder when 65 is divided by g(-17)?
21
Suppose 3*h = -h. Let p(l) = -38*l**3 - l**2 - l - 1. Calculate the remainder when p(-1) is divided by (h - 14 - -1)/(-1).
11
Suppose -191 = 5*s + 4*w - 2*w, -2*s - 86 = 4*w. Let d = 22 - s. Suppose d = 5*z + c - 43, c - 22 = -z. Calculate the remainder when z is divided by 11.
9
Let s = -1 - 0. Let o be (-2)/(s - (-1)/3). What is the remainder when 17 is divided by (o/(-6))/(2/(-24))?
5
Let o be 82/8 - 2/8. Calculate the remainder when (-204)/(-15) - 2/(-5) is divided by o*((-6)/(-4) - 1).
4
Let n = -23 - -74. Let u(x) = 32*x**2 - 2*x + 1. What is the remainder when u(1) is divided by 2*-2*n/(-12)?
14
Suppose -3*y + 12 = -3. Suppose y*g - 36 = g. Calculate the remainder when 17 is divided by g.
8
Let f(l) = -23*l - 12. Calculate the remainder when f(-3) is divided by 20.
17
Let f = 85 + -28. Suppose 4*j = -4*p - 21 + f, 2*p = 2*j + 2. What is the remainder when 14 is divided by p?
4
Let i(f) = -f**2 - 7*f - 3. Let z be i(-6). What is the remainder when 3/z*-1 + 43 is divided by 22?
20
Let p = -45 + 57. What is the remainder when p is divided by 8?
4
Let n = 38 - -14. What is the remainder when n is divided by 11?
8
Suppose -1 = -2*z + 3*w, 2*w = w + 5. Suppose 3*f - h + 127 = -2*h, -2*f - 3*h = 94. Let o = f + 63. What is the remainder when o is divided by z?
6
Let y = 0 + 22. Let m be 6/(-9) - y/(-6). Suppose 0 = -m*z + 17 + 46. Calculate the remainder when z is divided by 11.
10
Let s = 122 - 49. Calculate the remainder when s is divided by 15.
13
Suppose v + 210 = 4*v. Suppose -5*q - 3*x + v = -8*x, q = 4*x - 1. Calculate the remainder when 73 is divided by q.
16
Let f(w) = -30*w - 34. Calculate the remainder when f(-9) is divided by 40.
36
Suppose -2*n = 1 - 9. Suppose -y + 19 = -37. Suppose 8*u - y = n*u. What is the remainder when u is divided by 5?
4
Let a(i) = -22*i**3 + 2*i**2 - 1. Let p be a(1). Let z = -5 - p. Calculate the remainder when 45 is divided by z.
13
Suppose 0*j = -3*j - 12, 0 = -c + 4*j + 17. Suppose -c = -3*x + 2*x. Calculate the remainder when 3 is divided by x.
0
Suppose -u = 4*f + 15, 6*f + 21 = u + f. Let y(r) = 6*r**2 + 2*r - 1. Let s = -5 - -9. What is the remainder when y(u) is divided by s?
3
Let w(g) = g**2 + g + 11. Let i(o) = -o**2 - 2*o - 12. Let q(r) = 3*i(r) + 4*w(r). Calculate the remainder when q(-5) is divided by 15.
13
Let n = 67 + -46. What is the remainder when n is divided by 6?
3
Let w = 11 + -13. Suppose 0*j + 18 = 3*j. Let f = j + w. What is the remainder when 6 is divided by f?
2
Let x = -12 - -14. Suppose 7*i = x*i + 50. What is the remainder when i is divided by 3?
1
Suppose -2*x + 44 + 4 = 0. Calculate the remainder when 94 is divided by x.
22
Let l = -204 - -220. Suppose -5*s + 292 = -18. Calculate the remainder when s is divided by l.
14
Let s(w) = 2 - 10*w + 2*w - 2. Calculate the remainder when 29 is divided by s(-1).
5
Calculate the remainder when 1065/25 + 2/5 is divided by 9.
7
Let w(s) = s - 2 + s + 0*s + 2*s. What is the remainder when 41 is divided by w(4)?
13
Let u(p) = 12*p**3 + p. Let l be (8/12)/((-4)/(-6)). Calculate the remainder when (41/4 + -1)*4 is divided by u(l).
11
Suppose 0 = 2*y - 7 - 9. Let g = -29 - -34. Calculate the remainder when y is divided by g.
3
Let q(o) = o + 1. Suppose 2*z - 24 = 4*z - 4*f, -z + 4*f - 18 = 0. What is the remainder when (-8)/(-6) - 4/z is divided by q(1)?
0
What is the remainder when 124 is divided by 4/100*10 - (-246)/10?
24
Let k(b) = -b - 15. Let u(h) = 3*h + 46. Suppose 0*q - q = 7. Let f(g) = q*k(g) - 2*u(g). What is the remainder when 36 is divided by f(0)?
10
Suppose 5*q + 50 = -g, 3*g + 8 = 5*q + 38. Let k = q + 24. Calculate the remainder when 44 is divided by k.
14
Let v = 52 + -35. Calculate the remainder when 31 is divided by v.
14
Let c(i) = -i**3 - 5*i**2 + 5*i + 7. Let m be c(-7). Suppose -6*v = -3*v - 54. Calculate the remainder when 0/(2 + 0) + m is divided by v.
16
Let q = -24 + 44. Let y(c) = c**3 - 4*c**2 - 7*c + 9. Let f be ((-1)/(-2))/(1/12). Calculate the remainder when y(f) is divided by q.
19
Let h(t) = t - 2. Let p = -10 - -27. Suppose -p + 7 = -5*z. What is the remainder when h(6) is divided by z?
0
Let n(s) = s**2 + 3*s - 11. Calculate the remainder when 37 is divided by n(-6).
2
Suppose -4*v = -3*c + v - 9, -5*c = 3*v - 19. Let w(p) = -4 - 7*p + 4 - c*p - 8. Calculate the remainder when w(-6) is divided by 12.
10
Calculate the remainder when 236/7 - 32/(-112) is divided by 9.
7
Let o(q) be the third derivative of q**4/12 - 3*q**3 + 8*q**2. What is the remainder when 22 is divided by o(13)?
6
Let p(s) = s**3 - 3*s - 4 + 4 - 2. Suppose -2*j + 5*j - 2*r - 23 = 0, 2*j - 4*r = 10. What is the remainder when p(3) is divided by j?
7
Suppose -12 = -y + 1. What is the remainder when 49 is divided by y?
10
Calculate the remainder when 23 - (-5)/(15/(-9)) is divided by 11.
9
Suppose 0 = -3*g + 12, -2*l - 150 = -7*l + 5*g. What is the remainder when l is divided by 12?
10
Let f(w) = 15*w + 37. What is the remainder when f(9) is divided by 25?
22
Suppose 0*b = -5*b + 25. Let m = -4 + 3. Let c = m + 3. Calculate the remainder when b is divided by c.
1
Let k = 7 - 1. Let d(x) = -3*x**2 + 2*x**2 + 10*x - 2 - 6. What is the remainder when d(k) is divided by 6?
4
What is the remainder when (-1491)/(-14)*(-4)/(-6) is divided by 18?
17
Suppose 5*d = 2*v - 22, -v - 4*d + 4 = v. What is the remainder when 15 is divided by v?
3
Let c(g) = -15*g - 7. Suppose -2*v = 2*v + 12. What is the remainder when c(v) is divided by 13?
12
Suppose 0 = -3*h - 4*n + 128, 4 = 4*n - 2*n. What is the remainder when h is divided by 6?
4
Suppose 108 = 41*o - 37*o. What is the remainder when 52 is divided by o?
25
Suppose -h + 143 = 3*i - 2*h, -5*i = h - 225. Calculate the remainder when i is divided by 25.
21
Let f(u) be the first derivative of -u**3/3 - u**2 - 3*u + 3. Let w be f(-2). What is the remainder when -9*((-3)/(-1))/w is divided by 3?
0
Let h = 26 - 4. What is the remainder when h is divided by 8?
6
Let f(p) = p**2 + 1. Let h be f(-1). Suppose -3*g + 177 = -3*c, h*c = 5*g - 0*c - 301. What is the remainder when g is divided by 21?
19
Suppose 10*n = 4*n + 84. Let i = 5 + n. Calculate the remainder when i is divided by 5.
4
Suppose -2*z - 10 = 0, 4*v = 3*z + 36 - 5. What is the remainder when 15 is divided by v?
3
Let g = 42 - 29. Let j(x) = -x**3 - x**2 - x + 48. Let r be j(0). Let s = 72 - r. Calculate the remainder when s is divided by g.
11
Let q = 94 + 95. Calculate the remainder when q is divided by 10.
9
Let p(d) = -d**3 + d**2 - d + 38. Calculate the remainder when p(0) is divided by (-52)/(-16)*(4 - 0).
12
Let t be 1/((-2)/(-4)) - 8. Let u be -1 + (-2)/t*0. Let s(n) = -10*n. Calculate the remainder when 19 is divided by s(u).
9
Suppose -5*j = -2*m - 1, m - j = 4*m - 7. Suppose m*f + 2 = -2*v, -f + v + 5 = -2. Let p(x) = 3*x - 7. What is the remainder when p(5) is divided by f?
2
Let h = -20 + 33. Let d = h - 4. Calculate the remainder when 16 is divided by d.
7
Suppose -3*z + 6 = -0*f + 3*f, -3*z = 5*f - 20. Let w = 2 + 47. What is the remainder when (-8)/32 + w/4 